{"id":234,"date":"2018-03-18T13:21:31","date_gmt":"2018-03-18T13:21:31","guid":{"rendered":"http:\/\/hafenschule.online\/?page_id=234"},"modified":"2025-04-02T07:42:53","modified_gmt":"2025-04-02T07:42:53","slug":"fritz-bruederlein-haus","status":"publish","type":"page","link":"http:\/\/hafenschule.online\/?page_id=234","title":{"rendered":"Fritz-Br\u00fcderlein-Haus"},"content":{"rendered":"\t\t<div data-elementor-type=\"wp-post\" data-elementor-id=\"234\" class=\"elementor elementor-234\">\n\t\t\t\t\t\t\t\t\t<section class=\"elementor-section elementor-top-section elementor-element elementor-element-6079aaa elementor-section-boxed elementor-section-height-default elementor-section-height-default\" data-id=\"6079aaa\" data-element_type=\"section\">\n\t\t\t\t\t\t<div class=\"elementor-container elementor-column-gap-default\">\n\t\t\t\t\t<div class=\"elementor-column elementor-col-33 elementor-top-column elementor-element elementor-element-d9cde37\" data-id=\"d9cde37\" data-element_type=\"column\">\n\t\t\t<div class=\"elementor-widget-wrap elementor-element-populated\">\n\t\t\t\t\t\t\t\t<div class=\"elementor-element elementor-element-0aced45 elementor-widget elementor-widget-image\" data-id=\"0aced45\" data-element_type=\"widget\" data-widget_type=\"image.default\">\n\t\t\t\t<div class=\"elementor-widget-container\">\n\t\t\t\t\t\t\t\t\t\t\t\t\t\t\t<img loading=\"lazy\" decoding=\"async\" width=\"640\" height=\"480\" src=\"http:\/\/hafenschule.online\/wp-content\/uploads\/2018\/03\/IMG_3663-1024x768.jpg\" class=\"attachment-large size-large wp-image-265\" alt=\"\" srcset=\"http:\/\/hafenschule.online\/wp-content\/uploads\/2018\/03\/IMG_3663-1024x768.jpg 1024w, http:\/\/hafenschule.online\/wp-content\/uploads\/2018\/03\/IMG_3663-300x225.jpg 300w, http:\/\/hafenschule.online\/wp-content\/uploads\/2018\/03\/IMG_3663-768x576.jpg 768w, http:\/\/hafenschule.online\/wp-content\/uploads\/2018\/03\/IMG_3663.jpg 1632w\" sizes=\"(max-width: 640px) 100vw, 640px\" \/>\t\t\t\t\t\t\t\t\t\t\t\t\t\t\t<\/div>\n\t\t\t\t<\/div>\n\t\t\t\t<div class=\"elementor-element elementor-element-b294a59 elementor-widget elementor-widget-image\" data-id=\"b294a59\" data-element_type=\"widget\" data-widget_type=\"image.default\">\n\t\t\t\t<div class=\"elementor-widget-container\">\n\t\t\t\t\t\t\t\t\t\t\t\t\t\t\t<img loading=\"lazy\" decoding=\"async\" width=\"640\" height=\"480\" src=\"http:\/\/hafenschule.online\/wp-content\/uploads\/2018\/03\/IMG_3283-1024x768.jpg\" class=\"attachment-large size-large wp-image-271\" alt=\"\" srcset=\"http:\/\/hafenschule.online\/wp-content\/uploads\/2018\/03\/IMG_3283-1024x768.jpg 1024w, http:\/\/hafenschule.online\/wp-content\/uploads\/2018\/03\/IMG_3283-300x225.jpg 300w, http:\/\/hafenschule.online\/wp-content\/uploads\/2018\/03\/IMG_3283-768x576.jpg 768w, http:\/\/hafenschule.online\/wp-content\/uploads\/2018\/03\/IMG_3283.jpg 1632w\" sizes=\"(max-width: 640px) 100vw, 640px\" \/>\t\t\t\t\t\t\t\t\t\t\t\t\t\t\t<\/div>\n\t\t\t\t<\/div>\n\t\t\t\t\t<\/div>\n\t\t<\/div>\n\t\t\t\t<div class=\"elementor-column elementor-col-66 elementor-top-column elementor-element elementor-element-fdafd46\" data-id=\"fdafd46\" data-element_type=\"column\">\n\t\t\t<div class=\"elementor-widget-wrap elementor-element-populated\">\n\t\t\t\t\t\t\t\t<div class=\"elementor-element elementor-element-3ee3306 elementor-view-default elementor-widget elementor-widget-icon\" data-id=\"3ee3306\" data-element_type=\"widget\" data-widget_type=\"icon.default\">\n\t\t\t\t<div class=\"elementor-widget-container\">\n\t\t\t\t\t<div class=\"elementor-icon-wrapper\">\n\t\t\t<div class=\"elementor-icon\">\n\t\t\t<i aria-hidden=\"true\" class=\"fas fa-star\"><\/i>\t\t\t<\/div>\n\t\t<\/div>\n\t\t\t\t<\/div>\n\t\t\t\t<\/div>\n\t\t\t\t<div class=\"elementor-element elementor-element-a1a40ee elementor-widget elementor-widget-heading\" data-id=\"a1a40ee\" data-element_type=\"widget\" data-widget_type=\"heading.default\">\n\t\t\t\t<div class=\"elementor-widget-container\">\n\t\t\t<h2 class=\"elementor-heading-title elementor-size-large\">Fritz-Br\u00fcderlein-Haus (FBH)<\/h2>\t\t<\/div>\n\t\t\t\t<\/div>\n\t\t\t\t<div class=\"elementor-element elementor-element-ec8de52 elementor-widget elementor-widget-text-editor\" data-id=\"ec8de52\" data-element_type=\"widget\" data-widget_type=\"text-editor.default\">\n\t\t\t\t<div class=\"elementor-widget-container\">\n\t\t\t\t\t\t\t<h2>Das Fritz-Br\u00fcderlein-Haus liegt etwa 10 Minuten Fu\u00dfweg entfernt von der Hafenschule.&nbsp;<\/h2>\n<h2>Seit dem Schuljahr 2024-25 werden dort die Kinder des Jahrgangs 2 unterrichtet, da es am Standort Hafenschule-Zehntenhofstra\u00dfe nicht gen\u00fcgend Klassenr\u00e4ume gibt. Bis zum Einzug in den Interimstandort im Sommer 2026 werden in jedem Schuljahr die Klassen der zweiten Jahrgangstufe f\u00fcr ein Jahr im FBH unterrichtet. Die Jahrgangstufen 1, 3 und 4 werden am Standort Hafenschule unterrichtet.&nbsp;<\/h2>\n<h2>Der zweite Jahrgang wurde ausgesucht, da noch nicht so viel Fachunterricht angeboten wird, wie in Jahrgang 3 und 4. Au\u00dferdem ist das Ganztagsangebot Profil 1 f\u00fcr Jahrgang 3 und 4 am Standort Zehntenhofstra\u00dfe verortet. Die Kinder des Jahrgang 1 m\u00f6chten wir gerne im ersten Schulbesuchsjahr an der Hafenschule empfangen. Die Klassen des zweiten Jahrgangs sind ein Jahr im FBH und ziehen dann im dritten Schuljahr zur\u00fcck in die Hafenschule. <br><\/h2>\n<h2>Im FBH befindet sich auch die Betreuung der Hafenschule f\u00fcr vor allem die Jahrg\u00e4nge 1 und 2, die seit August 2020 vom ASB gef\u00fchrt wird. Viele Kinder unserer Schule laufen t\u00e4glich mit den Betreuern durch die Stra\u00dfen von Schierstein ins FBH, um dort die Nachmittage zu verbringen. Ein warmes Mittagessen, Hausaufgabenbetreuung und ein tolles AG Angebot sowie ein gro\u00dfer Pausenhof zum Spielen werden dort geboten.<\/h2><br>\t\t\t\t\t\t<\/div>\n\t\t\t\t<\/div>\n\t\t\t\t<section class=\"elementor-section elementor-inner-section elementor-element elementor-element-8eadd89 elementor-section-boxed elementor-section-height-default elementor-section-height-default\" data-id=\"8eadd89\" data-element_type=\"section\">\n\t\t\t\t\t\t<div class=\"elementor-container elementor-column-gap-default\">\n\t\t\t\t\t<div class=\"elementor-column elementor-col-50 elementor-inner-column elementor-element elementor-element-acd227b\" data-id=\"acd227b\" data-element_type=\"column\">\n\t\t\t<div class=\"elementor-widget-wrap elementor-element-populated\">\n\t\t\t\t\t\t\t\t<div class=\"elementor-element elementor-element-0f5979c elementor-widget elementor-widget-image\" data-id=\"0f5979c\" data-element_type=\"widget\" data-widget_type=\"image.default\">\n\t\t\t\t<div class=\"elementor-widget-container\">\n\t\t\t\t\t\t\t\t\t\t\t\t\t\t\t\t<a href=\"https:\/\/aktionswoche-wiesbaden-engagiert.de\/aktionswoche-2023\/\">\n\t\t\t\t\t\t\t<img loading=\"lazy\" decoding=\"async\" width=\"487\" height=\"196\" src=\"http:\/\/hafenschule.online\/wp-content\/uploads\/2023\/03\/Wiesbaden-engagiert-Logo.jpg\" class=\"attachment-large size-large wp-image-2313\" alt=\"\" srcset=\"http:\/\/hafenschule.online\/wp-content\/uploads\/2023\/03\/Wiesbaden-engagiert-Logo.jpg 487w, http:\/\/hafenschule.online\/wp-content\/uploads\/2023\/03\/Wiesbaden-engagiert-Logo-300x121.jpg 300w\" sizes=\"(max-width: 487px) 100vw, 487px\" \/>\t\t\t\t\t\t\t\t<\/a>\n\t\t\t\t\t\t\t\t\t\t\t\t\t\t\t<\/div>\n\t\t\t\t<\/div>\n\t\t\t\t<div class=\"elementor-element elementor-element-acafc39 elementor-widget elementor-widget-image\" data-id=\"acafc39\" data-element_type=\"widget\" data-widget_type=\"image.default\">\n\t\t\t\t<div class=\"elementor-widget-container\">\n\t\t\t\t\t\t\t\t\t\t\t\t\t\t\t<img loading=\"lazy\" decoding=\"async\" width=\"212\" height=\"300\" src=\"http:\/\/hafenschule.online\/wp-content\/uploads\/2023\/03\/Flyer-Seite-1-212x300.jpg\" class=\"attachment-medium size-medium wp-image-2314\" alt=\"\" srcset=\"http:\/\/hafenschule.online\/wp-content\/uploads\/2023\/03\/Flyer-Seite-1-212x300.jpg 212w, http:\/\/hafenschule.online\/wp-content\/uploads\/2023\/03\/Flyer-Seite-1-724x1024.jpg 724w, http:\/\/hafenschule.online\/wp-content\/uploads\/2023\/03\/Flyer-Seite-1-768x1086.jpg 768w, http:\/\/hafenschule.online\/wp-content\/uploads\/2023\/03\/Flyer-Seite-1-1086x1536.jpg 1086w, http:\/\/hafenschule.online\/wp-content\/uploads\/2023\/03\/Flyer-Seite-1.jpg 1414w\" sizes=\"(max-width: 212px) 100vw, 212px\" \/>\t\t\t\t\t\t\t\t\t\t\t\t\t\t\t<\/div>\n\t\t\t\t<\/div>\n\t\t\t\t\t<\/div>\n\t\t<\/div>\n\t\t\t\t<div class=\"elementor-column elementor-col-50 elementor-inner-column elementor-element elementor-element-1885e68\" data-id=\"1885e68\" data-element_type=\"column\">\n\t\t\t<div class=\"elementor-widget-wrap elementor-element-populated\">\n\t\t\t\t\t\t\t\t<div class=\"elementor-element elementor-element-f1cae28 elementor-widget elementor-widget-text-editor\" data-id=\"f1cae28\" data-element_type=\"widget\" data-widget_type=\"text-editor.default\">\n\t\t\t\t<div class=\"elementor-widget-container\">\n\t\t\t\t\t\t\t<h2>Am 26. April 2023 war die Aktionsb\u00f6rse von WIESBADEN ENGAGIERT!<\/h2><h2>Es war ein richtig tolles Erlebnis und wir konnten einige Aktionspartner gewinnen. Jetzt geht es in die Planung der Aktionswoche vom 23. bis 30. Juni!<\/h2>\t\t\t\t\t\t<\/div>\n\t\t\t\t<\/div>\n\t\t\t\t\t<\/div>\n\t\t<\/div>\n\t\t\t\t\t\t\t<\/div>\n\t\t<\/section>\n\t\t\t\t<div class=\"elementor-element elementor-element-4bea7f4 elementor-widget elementor-widget-heading\" data-id=\"4bea7f4\" data-element_type=\"widget\" data-widget_type=\"heading.default\">\n\t\t\t\t<div class=\"elementor-widget-container\">\n\t\t\t<h2 class=\"elementor-heading-title elementor-size-large\"><br> Nach dem Motto: \"Bunt ist unsere Lieblingsfarbe\" haben flei\u00dfige Helfer die Klassen- und Betreuungsr\u00e4ume renoviert. <br>Wir sagen:<br><br>HERZLICHEN DANK <br><br>an alle, die mitgeholfen haben: die Eltern der Hafenschule, das B\u00fcrgerhaus Biebrich, die Naspa, das statistische Bundesamt und Soka Bau.<br><\/h2>\t\t<\/div>\n\t\t\t\t<\/div>\n\t\t\t\t<section class=\"elementor-section elementor-inner-section elementor-element elementor-element-45e306a elementor-section-boxed elementor-section-height-default elementor-section-height-default\" data-id=\"45e306a\" data-element_type=\"section\">\n\t\t\t\t\t\t<div class=\"elementor-container elementor-column-gap-default\">\n\t\t\t\t\t<div class=\"elementor-column elementor-col-50 elementor-inner-column elementor-element elementor-element-0062a08\" data-id=\"0062a08\" data-element_type=\"column\">\n\t\t\t<div class=\"elementor-widget-wrap elementor-element-populated\">\n\t\t\t\t\t\t\t\t<div class=\"elementor-element elementor-element-4ca8a09 elementor-widget elementor-widget-image\" data-id=\"4ca8a09\" data-element_type=\"widget\" data-widget_type=\"image.default\">\n\t\t\t\t<div class=\"elementor-widget-container\">\n\t\t\t\t\t\t\t\t\t\t\t\t\t\t\t<img loading=\"lazy\" decoding=\"async\" width=\"640\" height=\"480\" src=\"http:\/\/hafenschule.online\/wp-content\/uploads\/2023\/06\/4.jpg\" class=\"attachment-large size-large wp-image-2483\" alt=\"\" srcset=\"http:\/\/hafenschule.online\/wp-content\/uploads\/2023\/06\/4.jpg 640w, http:\/\/hafenschule.online\/wp-content\/uploads\/2023\/06\/4-300x225.jpg 300w\" sizes=\"(max-width: 640px) 100vw, 640px\" \/>\t\t\t\t\t\t\t\t\t\t\t\t\t\t\t<\/div>\n\t\t\t\t<\/div>\n\t\t\t\t\t<\/div>\n\t\t<\/div>\n\t\t\t\t<div class=\"elementor-column elementor-col-50 elementor-inner-column elementor-element elementor-element-2cca3b5\" data-id=\"2cca3b5\" data-element_type=\"column\">\n\t\t\t<div class=\"elementor-widget-wrap elementor-element-populated\">\n\t\t\t\t\t\t\t\t<div class=\"elementor-element elementor-element-3d19b4a elementor-widget elementor-widget-image\" data-id=\"3d19b4a\" data-element_type=\"widget\" data-widget_type=\"image.default\">\n\t\t\t\t<div class=\"elementor-widget-container\">\n\t\t\t\t\t\t\t\t\t\t\t\t\t\t\t<img loading=\"lazy\" decoding=\"async\" width=\"640\" height=\"480\" src=\"http:\/\/hafenschule.online\/wp-content\/uploads\/2023\/06\/6.jpg\" class=\"attachment-large size-large wp-image-2485\" alt=\"\" srcset=\"http:\/\/hafenschule.online\/wp-content\/uploads\/2023\/06\/6.jpg 640w, http:\/\/hafenschule.online\/wp-content\/uploads\/2023\/06\/6-300x225.jpg 300w\" sizes=\"(max-width: 640px) 100vw, 640px\" \/>\t\t\t\t\t\t\t\t\t\t\t\t\t\t\t<\/div>\n\t\t\t\t<\/div>\n\t\t\t\t\t<\/div>\n\t\t<\/div>\n\t\t\t\t\t\t\t<\/div>\n\t\t<\/section>\n\t\t\t\t\t<\/div>\n\t\t<\/div>\n\t\t\t\t\t\t\t<\/div>\n\t\t<\/section>\n\t\t\t\t\t\t\t<\/div>\n\t\t","protected":false},"excerpt":{"rendered":"<p>Fritz-Br\u00fcderlein-Haus (FBH) Das Fritz-Br\u00fcderlein-Haus liegt etwa 10 Minuten Fu\u00dfweg entfernt von der Hafenschule.&nbsp; Seit dem Schuljahr 2024-25 werden dort die Kinder des Jahrgangs 2 unterrichtet, da es am Standort Hafenschule-Zehntenhofstra\u00dfe nicht gen\u00fcgend Klassenr\u00e4ume gibt. Bis [&hellip;]<\/p>\n","protected":false},"author":1,"featured_media":0,"parent":0,"menu_order":0,"comment_status":"closed","ping_status":"closed","template":"","meta":{"footnotes":""},"_links":{"self":[{"href":"http:\/\/hafenschule.online\/index.php?rest_route=\/wp\/v2\/pages\/234"}],"collection":[{"href":"http:\/\/hafenschule.online\/index.php?rest_route=\/wp\/v2\/pages"}],"about":[{"href":"http:\/\/hafenschule.online\/index.php?rest_route=\/wp\/v2\/types\/page"}],"author":[{"embeddable":true,"href":"http:\/\/hafenschule.online\/index.php?rest_route=\/wp\/v2\/users\/1"}],"replies":[{"embeddable":true,"href":"http:\/\/hafenschule.online\/index.php?rest_route=%2Fwp%2Fv2%2Fcomments&post=234"}],"version-history":[{"count":26,"href":"http:\/\/hafenschule.online\/index.php?rest_route=\/wp\/v2\/pages\/234\/revisions"}],"predecessor-version":[{"id":3141,"href":"http:\/\/hafenschule.online\/index.php?rest_route=\/wp\/v2\/pages\/234\/revisions\/3141"}],"wp:attachment":[{"href":"http:\/\/hafenschule.online\/index.php?rest_route=%2Fwp%2Fv2%2Fmedia&parent=234"}],"curies":[{"name":"wp","href":"https:\/\/api.w.org\/{rel}","templated":true}]}}